hen 25 is divided by u?
7
Let s = -2 - -3. Let m(y) = 2*y**2 + y - 2. Let o be m(-2). Suppose -2*g - 2 = -o. What is the remainder when g is divided by s?
0
Let m = 70 + -30. Let j(k) = -k**2 + 2*k + 4. Let a be j(4). What is the remainder when m is divided by ((-6)/a)/((-6)/(-56))?
12
Let h(z) = 2*z**2 + z + 1. Let s be h(-1). Suppose 10 = s*l - 40. What is the remainder when 73 is divided by l?
23
Let n = -3 + 53. Let p = n + -12. What is the remainder when p is divided by 10?
8
Let v be 1/(2 + -3)*-3. Suppose d = v, 2*r + 1 - 3 = 2*d. Suppose 0 = 5*t + h - 1 - 25, 5*h = 5*t - 50. Calculate the remainder when t is divided by r.
2
Let m = 80 + -33. Suppose 0*v + 31 = v. Let a = m - v. Calculate the remainder when 45 is divided by a.
13
Suppose 0 = 3*s - 2*i - 13, 0 = 2*s - 3*i - 6 + 4. Let q = -57 + 59. Calculate the remainder when s is divided by q.
1
Let q(d) = d**3 - 4*d**2 - 5*d - 1. Suppose 81*m - 86*m = -70. What is the remainder when q(6) is divided by m?
13
Let c(z) = -z**3 + 11*z**2 - 3*z - 9. Let j be c(11). Let k = 88 + j. What is the remainder when k is divided by 12?
10
Suppose 3 = -b + 5*m, -b - m - 1 = -2*b. Let i be -1 - (-2 + -15 + 2). Calculate the remainder when (-4)/i + (-23)/(-7) is divided by b.
1
Let k = -8 + 15. What is the remainder when 18 is divided by k?
4
Suppose 0 = -3*o + 9 + 9. What is the remainder when o is divided by (-4 - -3)*(0 - 3)?
0
Let v = 20 + 10. Suppose -i = i - v. Suppose -2*y - y = -i. Calculate the remainder when 14 is divided by y.
4
Suppose -3*o - 4*u = -0*o - 11, 3*u - 12 = -3*o. What is the remainder when 7 is divided by o?
2
Let u(r) = 2*r**2 - 2. Suppose 0 = k + 1 + 1. What is the remainder when 22 is divided by u(k)?
4
Let v(n) = 18*n - 1. Calculate the remainder when 48 is divided by v(1).
14
Let w = -93 - -113. What is the remainder when 58 is divided by w?
18
Let d be 1/2*(0 - 0). Suppose -105 = -3*z - d. What is the remainder when z is divided by 12?
11
Let z(g) = g + 4. Suppose 3*m + 3*d = 24, -3*m - 5*d + 4*d = -30. Calculate the remainder when m is divided by z(3).
4
Suppose 0 = p + 4*p + 110. Let q = -30 - -67. Let h = q + p. Calculate the remainder when h is divided by 8.
7
Let z = -31 - -44. Let w = -4 - -4. Suppose -6*y + y + 125 = w. What is the remainder when y is divided by z?
12
Let i(y) = 17*y - 1. Let m be i(3). Suppose -4*g = -m - 10. Calculate the remainder when 43 is divided by g.
13
Suppose -10*z + 34 = -1086. Calculate the remainder when z is divided by 23.
20
Let z = 42 + -17. Calculate the remainder when 73 is divided by z.
23
Let l = 15 - 14. Calculate the remainder when 10 is divided by (-8 + 10)*l*2.
2
Let q be (0 - (1 - 3)) + 3. Suppose -4*n = q - 73. What is the remainder when 50 is divided by n?
16
Let u = 2 - -3. Suppose -3*l + 53 = u. What is the remainder when l is divided by (1/(-2))/(1/(-12))?
4
Let a(s) = s**3 + 3*s**2 - 2*s - 4. Let f be a(-3). Suppose -f*c + 9 = -11. Suppose -t + 1 + c = 0. Calculate the remainder when 20 is divided by t.
9
Suppose -58*g - 54 = -59*g. What is the remainder when 102 is divided by g?
48
Let i(u) = -u**3 - u - 1. Let p be i(0). What is the remainder when p - ((-3 - -2) + -3) is divided by (1 + 0)/((-3)/(-6))?
1
Let f(d) = -d + 8. Let q be f(4). Suppose q*v + 4*c - 124 = 0, -c = -4*v + 2*v + 50. Let g = 48 - v. Calculate the remainder when 40 is divided by g.
19
Suppose -4*n + 31 = -x, -x - 27 = -3*n + x. Let b = n - 4. Suppose -2*q = -v - 4*v - 53, 2*v = b*q - 52. What is the remainder when q is divided by 8?
6
Let g(t) = 3*t - 8. Let j be g(13). Suppose -f + 3*d + 26 = 0, -3*f + 2*d + j = -12. What is the remainder when 29 is divided by f?
7
Let k(f) = 24*f**2 - 2*f + 2. Calculate the remainder when 88 is divided by k(1).
16
Calculate the remainder when 23 is divided by (66/3 + 2)/2.
11
Let k = -89 + 101. Let f(h) = 7*h. Calculate the remainder when k is divided by f(1).
5
Let c = 95 + -78. Suppose 3*j = -3*f - 31 + 241, 0 = j + 2*f - 75. Calculate the remainder when j is divided by c.
14
Let s = 6 + -4. Suppose -a - 2 = -11. Calculate the remainder when -1 + (17 - -2) - s is divided by a.
7
Let h(l) = l**2 - 2*l - 10. Calculate the remainder when 97 is divided by h(7).
22
Suppose -3*b = 3*s - 12, b + 21 = 4*s - 20. What is the remainder when 79 is divided by s?
7
Let n(q) = 23*q - 46. Calculate the remainder when n(4) is divided by 24.
22
Suppose s - 37 = 3. Let v = -21 + s. Let d = 5 - -5. Calculate the remainder when v is divided by d.
9
Let u = -25 + 41. Let g = -20 - -51. Calculate the remainder when g is divided by u.
15
Let f = -3 + 7. Let r be (-9)/(4/(-2) - -1). Calculate the remainder when r - (1 + (0 - 2)) is divided by f.
2
Let d be 6/10 + 51/15. Suppose d*k - 69 = -5*n, -2*n - k - k = -28. What is the remainder when n is divided by 8?
5
Let z(m) be the second derivative of m**4/4 + m**3/6 + m**2/2 + 3*m. Let o be -5*1*(-4)/10. Calculate the remainder when 28 is divided by z(o).
13
Let m(j) = -j**3 + 5*j**2 + 7*j + 3. Calculate the remainder when 16 is divided by m(6).
7
Let u(h) = h + 15. Let z(c) = c**2 - 6*c - 4. Let o be z(7). What is the remainder when u(0) is divided by o/6 - 17/(-2)?
6
Let f(x) = -x**2 + 5*x + 1. Let o be f(4). Suppose o*i - 27 = -2. Suppose 12 = i*g - 3*g. Calculate the remainder when 17 is divided by g.
5
Calculate the remainder when 4/(-6) + (-274)/(-6) is divided by (-423)/(-36) + (-3)/(-12).
9
Let z = -5 + -4. Calculate the remainder when ((-28)/6 + 3)*z is divided by 8.
7
Let m(l) = l**3 + 10*l**2 + l + 8. Let f be m(-10). What is the remainder when 34 is divided by (-896)/(-49) - f/(-7)?
16
Let b = -6 - -8. Suppose 2*x + 0*x = b. Let a(h) = 2*h**2 - 2*h + 1. Calculate the remainder when x is divided by a(1).
0
Let t(f) = -41*f + 4. Suppose -2*r = -7*r + 120. Calculate the remainder when t(-1) is divided by r.
21
Suppose 2*c = 2*x + 12, -2*c - 2*x = 2*c - 24. Let p = 20 - c. Calculate the remainder when 53 is divided by p.
11
Let a(m) = 3*m - m**2 - 6*m**2 + 2*m**2 + 2 + 3*m**2. Let l be a(3). Let h(c) = -c**3 - 6*c**2 + 4*c - 8. What is the remainder when h(l) is divided by 5?
3
Suppose 0 = -4*i - 5*o + 5, 0 = -i - 0*o + 4*o + 17. Suppose 7*h = i*h + 10. Calculate the remainder when 8 is divided by h.
3
Calculate the remainder when 23 is divided by (-1)/(2 + 38/(-18)).
5
Suppose 3*d + 13 = 4*d. Let s be (-10)/4 - (-4)/(-8). Let a = d + s. Calculate the remainder when 29 is divided by a.
9
Suppose -3*p = -4*k - 54, -4*k + 72 = 4*p - 0*k. Calculate the remainder when 35 is divided by p.
17
Suppose -5*z - 40 = -5*y, 4*z + 0*y - 2*y + 26 = 0. What is the remainder when 71 is divided by (-2 - -5)/(z/(-30))?
17
Let i = -13 - -24. What is the remainder when i is divided by 7?
4
Suppose 3*d - d = -16. Calculate the remainder when 50 is divided by (-138)/d + 1/(-4).
16
Let d(u) = u**3 - u**2 + 8. Suppose 0*o = -3*o. Suppose 2*z - 7*z = -k - 72, 3*z - k - 44 = 0. Calculate the remainder when z is divided by d(o).
6
What is the remainder when 39 is divided by (7/2)/((-1)/(-4))?
11
Suppose 5*f - 586 = -3*v, 0 = -v - 4*f + 87 + 120. Calculate the remainder when v is divided by 27.
25
Let i(m) be the third derivative of 2*m**5/15 - m**4/6 + m**3/3 - 2*m**2. Calculate the remainder when i(2) is divided by 7.
5
Let f be (-2)/(-10) - 25430/25. What is the remainder when 45 is divided by (-4)/(-10) + f/(-45)?
22
Let g = -3 - -3. Suppose 4*o - 5 - 43 = g. Suppose 4*t - p - 26 = p, -p = -t + 8. What is the remainder when o is divided by t?
2
Suppose -4*h + 5 + 7 = 0. Suppose h*b = b + 62. Calculate the remainder when b is divided by 16.
15
Let i = 33 - 7. What is the remainder when i is divided by 10?
6
Let a(s) = -s - 10. Let b be a(0). Let q = -2 - b. Calculate the remainder when 13 is divided by q.
5
Let g = -27 - -38. Suppose -q + 4*m = 1 - 122, 0 = 3*q - 3*m - 327. Let f = q + -74. What is the remainder when f is divided by g?
9
Let s = -124 + 226. Suppose 3*k - 93 = 12. Calculate the remainder when s is divided by k.
32
Suppose 4*b - 43 = -7. Let l(i) = -2*i**3 + 2*i + 3. Calculate the remainder when l(-2) is divided by b.
6
Suppose 2*d = -0*d + 14. Let n(h) be the first derivative of -7*h**2/2 - h + 1. Calculate the remainder when n(-2) is divided by d.
6
Let k = 28 + -17. Calculate the